 -3*z - 4*b - 8, n*b = 3*z - 9. What is the units digit of -1*7/(-2 + z)?
7
Let y = 364 - 210. What is the tens digit of y?
5
Suppose -85 = -5*n - 2*s, 2*n - 6*s = -s + 5. Let t = -5 + 8. What is the units digit of ((-10)/n)/((-2)/t)?
1
Suppose -4*i - 4*v = -36, 2*i = -0*i + v + 9. Let q(b) = b. Let m(l) = 2*l + 11. Let w(o) = m(o) - 3*q(o). What is the units digit of w(i)?
5
Suppose 2*p = 7*p - 165. What is the tens digit of p?
3
Let m(a) = -2*a - 8. Let g be m(-6). Suppose -10 + 2 = -g*f. What is the units digit of f?
2
Let n(o) = o**3 + 13*o**2 - 17*o - 15. What is the tens digit of n(-14)?
2
Suppose 5*o - 4*h - 87 = 0, 4*o + 2*h + 14 - 94 = 0. Let p = 37 - o. What is the units digit of p?
8
Let r = 43 - 71. Let y = 20 + r. Let h = y + 14. What is the units digit of h?
6
Suppose 0 = 4*a + 1 + 3, -3*a + 153 = -4*w. Let m = -67 - w. What is the units digit of 8/m + (-30)/(-7)?
4
Suppose 0 = 2*g - 8 - 14. What is the units digit of g + -2 + 4/(-4)?
8
Suppose 0*v - 21 = v. Let i = v - -42. What is the units digit of i?
1
Let h(o) = -o**2 - 4*o - 1. Let k be h(-3). Suppose -2*l + k*g - 78 = 2*l, -l - 2*g = 12. Let b = -2 - l. What is the tens digit of b?
1
Let g(i) = 9*i + 9. What is the tens digit of g(9)?
9
Let o(q) = -q**3 - 4*q**2 - 3*q + 3. Suppose -3*z - 12 = -0. Let h be o(z). Suppose 3*b = -f + 2*f + 48, 2*b + 5*f = h. What is the units digit of b?
5
Let q = -1 - -9. Suppose -q*r = -3*r. Suppose r = 2*d - 4*m - 18, -4*m - 11 = 5. What is the units digit of d?
1
Suppose w + 6 = -1. Let r = 14 + -27. Let h = w - r. What is the units digit of h?
6
Let c = -3 + 15. Let h = -30 + c. Let q = -12 - h. What is the units digit of q?
6
Let z = 96 + -40. What is the units digit of z?
6
Let o = 584 + -243. What is the hundreds digit of o?
3
Let k(r) = -3*r + 4. Let x be k(4). Let t = x + 14. Suppose -4*q + 10 = -t. What is the units digit of q?
4
Suppose -3*i - 73 = -o, 5*o = -i - i - 60. Let v = -12 - i. What is the units digit of v?
3
Let m be 9/15 + (-22)/(-5). Suppose -g + m*g - 48 = 0. What is the units digit of g?
2
Let a = 13 - 13. Suppose a = -2*x + 58 + 6. What is the tens digit of x?
3
Let l = 8 - 29. What is the tens digit of (-1 - l/(-15))*-5?
1
Let f = 171 - 96. What is the tens digit of f?
7
Let f(h) = h**2 - 15*h - 17. What is the tens digit of f(-7)?
3
Suppose -4*z + 5*y + 439 = 0, -y - 2*y = 3*z - 309. What is the tens digit of 1/3 + z/6?
1
What is the units digit of (-1)/((-5)/(-20)*-2)?
2
Let r(s) = 3*s + 34. What is the tens digit of r(23)?
0
Let k(f) = 226*f**2 - f - 2. What is the hundreds digit of k(-1)?
2
Let j(h) = h**2 + 8*h + 10. What is the units digit of j(-11)?
3
Let y(z) = -30*z + 4. What is the units digit of y(-1)?
4
Let u(h) = 3*h - 11. Let b be -5 - -6 - (-8)/1. Let r be u(b). Let n = -11 + r. What is the units digit of n?
5
Let s = 240 - 160. Suppose -5*v + s = -15. What is the tens digit of v?
1
Let m be ((-1)/(2/10))/(-1). Let h(b) = b**2 + 2*b - 9. Let z(c) = c**2 + c - 8. Let f(x) = -3*h(x) + 4*z(x). What is the tens digit of f(m)?
1
Let a(y) = y**2 - y + 4. Let p be a(0). Suppose -p*i + 6 = -2*f, f = -i - 3*i + 9. What is the units digit of i?
2
Suppose -21*z = -23*z + 106. What is the units digit of z?
3
Let b = 5 - 5. Suppose a + p + 0 - 4 = b, -p = -5*a + 2. What is the units digit of a?
1
Let k = 125 - 82. What is the tens digit of k?
4
Suppose -4 - 10 = 2*x. Let d(f) = f + 10. Let a be d(x). Suppose -a = -3*h + 4*z + 28, -3*z + 6 = h. What is the units digit of h?
9
Let i(n) = n**2 - n - 1. Let m(z) = -5*z**2 + 6*z + 7. Let c(w) = -3*i(w) - m(w). Let v be c(4). Suppose j + 3 - v = 0. What is the units digit of j?
3
Let u(w) = -2*w - 9. Let s be u(-6). Let t(k) = 2*k**3 - 3*k**2 + k - 4. What is the units digit of t(s)?
6
Let g be (9/12)/((-2)/(-72)). Suppose -5*f + 10 = -4*q, -g + 7 = -4*q. What is the units digit of f?
6
Suppose 5*d = -8 + 3. Let f = 2 + d. Let z = 2 - f. What is the units digit of z?
1
Let t(w) = 2*w + 3 - 3 + 4 - 5. What is the units digit of t(7)?
3
Let d = 35 - 5. Let w = -68 - -72. Suppose -w*m - p + d = p, -3*m = 2*p - 24. What is the units digit of m?
6
Suppose g + 3*s + 115 = 6*g, -5*s = 2*g - 15. Let t = g - 13. What is the units digit of t?
7
Let t = -3 - 7. Let s = -14 - 14. Let i = t - s. What is the tens digit of i?
1
Let m(h) = -h**2 + h - 1. Let c be m(3). Let u = c + 19. What is the units digit of u?
2
Suppose q = -5*v + 17, 3*v = 6*v + q - 11. Let f(c) = v*c - c**2 + 6 + 0*c + 7*c. What is the units digit of f(9)?
5
Suppose -4 = 4*z + 8. Let o = 9 + z. Suppose -3*h + 0 = -o. What is the units digit of h?
2
Let s = 8 - 12. Let p(r) = r**2 + 4*r + 2. What is the units digit of p(s)?
2
Suppose 2*c + 3*c = 25. What is the units digit of c?
5
Let m be 24/(-16)*4/(-3). Suppose -4*y + 14 = 2*t, 0 = -m*y + t + 6 - 1. What is the units digit of y?
3
Let g(x) = -x - 5. What is the units digit of g(-7)?
2
Let f(s) = 2*s - 4. Let a(n) = -n**3 + 8*n**2 - 6*n - 1. Let k be a(7). What is the units digit of f(k)?
8
Let m(x) = -8*x**2 - 18*x + 2*x**3 + 9*x - x**3. Let f be m(9). What is the tens digit of (-15)/(-20)*(20 + f)?
1
Suppose 5*x - 83 - 157 = 0. What is the units digit of x?
8
What is the hundreds digit of 6/(-4)*1/(6/(-500))?
1
Let a = -224 - -263. What is the tens digit of a?
3
What is the tens digit of 3/((-69)/(-30) + -2)?
1
Let q = -5 + 8. Let x(l) = l - q*l + l**2 + 4 - l. What is the units digit of x(4)?
8
What is the tens digit of 18/(-99) + (-4052)/(-22)?
8
Let p be -2 + 12/2*1. Suppose -m = -p*m + 12. What is the units digit of m?
4
Let u be (4/4)/((-1)/6). What is the units digit of 15/u*16/(-5)?
8
Let p = -2 - 7. Let a = -7 - p. What is the units digit of a?
2
Let k be (-4)/(-24) - (-53)/6. Let x(q) = q**3 - 9*q**2 + 9*q - 2. Let p be x(8). Suppose 3*f = 4*c - k, f - p = -2*c + 1. What is the units digit of c?
3
Suppose -2*c = 3*c. What is the tens digit of -1 - c - (-19)/1?
1
Suppose s = -s + 10. Let q = 16 + s. What is the tens digit of q?
2
What is the tens digit of (2 - -252) + (-17 - -12)?
4
Let u(v) = v**2 + 3*v - 1. Let y be u(-4). Suppose -y*m - 3 = 0, 2 = 2*a - 6*a + 2*m. Let i = 11 + a. What is the tens digit of i?
1
Let m(c) = -2*c - 2. Suppose 2*i + 4 = -2*a + 5*i, a + i + 7 = 0. What is the units digit of m(a)?
8
Suppose 13 = 2*g - 3. Let y(n) = -n**3 - 4*n**2 + 4*n - 1. Let r be y(-5). What is the units digit of ((-2)/g - -1)*r?
3
Let z = 9 - 5. Suppose -3*u + 19 = z. What is the units digit of 8/u*20/8?
4
Let i be (-3 + (-4)/(-6))*-3. Let x = 11 - i. What is the units digit of x?
4
Suppose 0 = 4*r - r. Let s(w) = w**3 - w**2 - 8. Let i be s(r). Let z = 0 - i. What is the units digit of z?
8
Suppose -3*x + x = -70. What is the units digit of x?
5
Let p(h) = -2*h - 1. Let w be p(-2). Let n = -18 - -19. What is the units digit of n + 2 + w/1?
6
Suppose -u = -3*u. Suppose m + u*m = 4. Suppose k - m = 4. What is the units digit of k?
8
What is the units digit of 37512/126 + 2/7?
8
Let f = -41 + 71. Let u = -14 + f. What is the units digit of u?
6
Suppose -2*g + 8 = -r, 3*r - 2*g = -19 + 7. Let b(o) = -o + 1. Let l be b(5). Let f = r - l. What is the units digit of f?
2
Let m be 1*-3 + 7/1. Suppose 2*g - 44 = 4*n - 5*n, g = -m*n + 204. What is the tens digit of n?
5
Suppose -3*d + 5*d - 82 = 0. What is the tens digit of d?
4
Let v be (-16)/6*6/(-4). Let k be ((-6)/(-15))/(v/40). Suppose 0 = -5*m - 2*j + 22, 5*j - 1 = k. What is the units digit of m?
4
Let p(o) = -o**3 - o**2 - o + 12. Let d be p(0). Suppose 0 = -3*z + d. What is the units digit of z?
4
Suppose 2*n - 4*w - 78 + 22 = 0, 3*w + 27 = n. What is the tens digit of n?
3
Suppose 30 = 8*t - 3*t. Let k be ((-21)/(-2))/(t/8). Suppose 3*a = 4*a - k. What is the tens digit of a?
1
Suppose 9*z - 4*z = 20. What is the units digit of (z*2)/(3/3)?
8
Let u(c) = c**2 + 10*c + 13. Let i be u(-9). Let q(r) = -i - 5*r + 2*r - 3*r - r**2. What is the units digit of q(-5)?
1
Let u(f) be the second derivative of -5/12*f**4 + 3*f - 5/2*f**2 + 0 + 1/20*f**5 + 1/3*f**3. What is the units digit of u(5)?
5
Let z be -1 - 0 - (-2 - -2). Let t be z + (1 - 2) + 2. Suppose -d - g + 6 = t, -2*d = d - 2*g - 13. What is the units digit of d?
5
Let s(g) = -g**2 - 6*g - 3. Let d be s(-5). Let l(f) = -f**2 - f + 1. Let p be l